3*v - 20 = -0*n, 3*v - 12 = 0. Let d(h) = 8*h + 3. Is d(n) a prime number?
False
Is (-82614)/(-15) + (-6)/10 a composite number?
False
Let n(r) = -15*r**2 - 175*r - 172. Let g(a) = 4*a**2 + 44*a + 43. Let v(h) = 9*g(h) + 2*n(h). Is v(-18) prime?
False
Let r be (-44)/(-3)*279/6. Suppose r = -3*n + 1633. Is n a composite number?
False
Let h = 108750 + -68893. Is h composite?
False
Suppose 4260 + 51 = 3*x. Is x prime?
False
Let n(o) be the second derivative of o**3 + 4*o**2 + 2*o. Let w = -16 + 21. Is n(w) a composite number?
True
Let a(u) = -u**3 - 11*u**2 + 10*u - 7. Let d be a(-12). Let c = 11 - d. Is 3/c + (-138)/(-4) a composite number?
True
Let w(g) = -g**2 + 5*g - 6. Let x be w(3). Suppose -3*q + 6*q + 30 = x. Is (-2 - -1)*(-141 - q) a prime number?
True
Is 8/20 + (25269/(-5))/(-3) a composite number?
True
Suppose -5*n - a + 29 = 0, -4*a = 3*n - a - 15. Let p(j) = -j**2 - j + 1. Let m(d) = 4*d**2 - 4. Let t(u) = 2*m(u) + 6*p(u). Is t(n) a composite number?
True
Suppose 0 = -3*y + 17 + 13. Suppose 4*g + l + 0*l = y, -5*g + 7 = 4*l. Suppose 484 = a - 4*w + 129, -g*a + 985 = 4*w. Is a a prime number?
False
Suppose 2*v = 4*v - 3*h - 11255, 0 = -v + 5*h + 5638. Is v a composite number?
False
Let h(p) = p**3 - 7*p**2 + 2*p + 83. Is h(7) a prime number?
True
Suppose 5*a + 1590 - 11950 = 0. Is (a/12)/((-6)/(-9)) prime?
False
Let s = 12245 - -11174. Is s a composite number?
True
Let h = -442 - -888. Is h prime?
False
Is (-187731)/(-21) + (-36)/63 prime?
False
Let m(i) = -6941*i + 414. Is m(-7) prime?
False
Let c be -1 + (-28)/(-2 - (-1738)/870). Suppose -c = -6*k - 2597. Is k a composite number?
False
Suppose 3*b + 3*d = d - 82, 3*b = 2*d - 74. Let p be ((-2362)/4)/(13/b). Suppose -177 + p = 4*n. Is n a composite number?
False
Let x(y) = y - 4. Let z be x(5). Is z + (2 + (-535)/(-4))*8 a prime number?
True
Suppose -i + b = -5, b = 3*i + 4*b - 15. Suppose 0 = -5*l + i*o - 7 - 33, 8 = -2*l + 4*o. Is 30/l*254/(-5) a composite number?
False
Let z(i) = -33*i**3 - i**2 + 6*i - 1. Let o be z(-4). Suppose 0 = -4*n + o + 813. Is n a composite number?
True
Suppose -4*t + 4*a + 17 + 7 = 0, t - 15 = 4*a. Suppose 4*i - 59 = -0*i + 5*h, 64 = 5*i - t*h. Is i a prime number?
True
Let d(l) = -2*l**3 - 4*l**2 - 7*l - 2. Let a be d(-7). Let y = a - -50. Is y a composite number?
False
Let b(y) be the first derivative of 36*y**3 - 2*y**2 + 4*y - 3. Let u be b(-3). Suppose 0 = -f - 3*f + u. Is f a composite number?
True
Suppose 114*c = 115*c - 11579. Is c prime?
True
Let n(i) = -i - 1. Let l be n(-3). Suppose 2*f - l = 2. Suppose 0 = -k - f*k + 15, 0 = 4*w - 2*k - 138. Is w a prime number?
True
Let x(o) = -11*o**2 + 6*o + 8. Let s(n) = n + 5. Let k be s(-9). Let i be x(k). Let t = i + 677. Is t composite?
True
Suppose -4*d = -4*c + 18424, -3*c + 1203 = 3*d - 12621. Is c a composite number?
True
Suppose 106*i - 5*q = 110*i - 247131, -4*q + 247128 = 4*i. Is i a prime number?
False
Suppose 0 = 7*g - 2*g + 5*o + 760, -5*o + 25 = 0. Let k = g - -279. Is k prime?
False
Suppose -13733 = -26*y + 21*y - 3*b, 0 = 5*y + 5*b - 13725. Is y composite?
False
Let r(w) = -w - 2. Let f = -13 + -7. Let x = f - -15. Is r(x) composite?
False
Let s(t) = t**3 + t**2 - 4*t. Let n be s(2). Suppose 0 = -n*m - 3*l - 24, -l - 25 = m - 5*l. Let g(o) = 2*o**2 - 4*o - 7. Is g(m) a composite number?
False
Suppose 2*h - 25 = -3*h. Is -1 - -1105 - (-4 + h) composite?
False
Let a(j) = j**3 - 13*j**2 + 11*j. Let x(d) = -d**3 + d**2 + 1. Let g(o) = -a(o) - 2*x(o). Is g(-9) composite?
True
Suppose 2*l - 3*k = 1936, -4*l - 953 = -3*k - 4837. Let r = -663 + l. Is r a composite number?
False
Suppose 62*q = 10*q + 260468. Is q composite?
False
Suppose 0*u = -u + 4. Let c be 2/(u/(-2)) - -33. Let b = c - -2. Is b prime?
False
Is (4 + 3)*194 + 3 a composite number?
False
Let i(r) = 4*r**2 - r - 23. Let t(q) = 9*q**2 - 2*q - 45. Let n(m) = 7*i(m) - 3*t(m). Is n(12) a prime number?
False
Let a be 2*((-2)/(-4) - -1). Let g(q) = 119*q - 4. Is g(a) a prime number?
True
Let u = -18 - -30. Let b be (-438)/(-26) - (16/52)/(-2). Suppose -b*t + u*t = -335. Is t composite?
False
Let y = 126551 + -49972. Is y a composite number?
False
Let u(i) = 3*i**2 - 2*i + 1. Let h be u(1). Let s(x) = h*x + 4 + 30*x**2 + 3 + 0*x - 4. Is s(-2) a composite number?
True
Let u = -11 - -1378. Is u a composite number?
False
Let v = 20 - 9. Suppose -5*r + 4 = -v. Is 287/r - 8/(-6) prime?
True
Let f = -779 + 2488. Is f prime?
True
Let w be 2/(-4) + 259/(-14). Let v = -7 - w. Suppose v + 10 = 2*r. Is r a composite number?
False
Let d(g) = 138*g**3 - 4*g**2 + 2*g - 5. Is d(2) a composite number?
False
Let g(l) = 158*l**2 + 2*l + 2. Let c(y) = y**2 + y + 1. Let a(m) = -c(m) + g(m). Let n be a(-1). Suppose n = 5*p - 253. Is p prime?
False
Let m(n) = n**2 - 1. Let j be m(4). Let r be (-13 - j)/(0 - -1). Let t = 51 + r. Is t a prime number?
True
Let u = 1589 + 92. Is u prime?
False
Let x(g) = -396*g - 1. Let a be x(-1). Let i = 388 - 226. Let p = a - i. Is p composite?
False
Is (50307/4 + 1)/((-71)/(-284)) a prime number?
True
Let p = 13276 + -7323. Is p prime?
True
Let k(w) = w + 7. Let n(g) = 2*g + 14. Let o(j) = -5*k(j) + 3*n(j). Let c(a) = -2*a**2 - 13*a - 6. Let b be c(-6). Is o(b) a prime number?
True
Let x(h) = -104*h + 87. Is x(-23) prime?
False
Let u = -6 + 9. Let s(j) = -1 + 20*j**u - 35*j**3 + 227*j**3. Is s(1) composite?
False
Let z = 12 - 10. Suppose -z*b + 0 + 2 = 0. Is (-204)/(-1) + (b - 0) a composite number?
True
Let z(k) = -5765*k - 1217. Is z(-6) composite?
True
Is (-88932)/8*(-8)/12 composite?
False
Suppose -5*b - 462 = -3*i, -2*i - 5*b = -0*i - 333. Suppose -52 - i = -w. Is w a composite number?
False
Let m = -241 - -622. Is m a prime number?
False
Suppose -37665 = -4*o - 6697. Suppose 7*b = o + 6965. Is b composite?
True
Let l = -24 - -24. Suppose l = -3*h + 570 + 207. Is h a prime number?
False
Suppose 0 = 2*f - 112 - 90. Suppose 0 = -4*c + 633 - f. Is c a prime number?
False
Suppose -21*m - i = -22*m + 65732, -i + 197208 = 3*m. Is m composite?
True
Is (-10)/(-4)*(2 - 21712/(-20)) a composite number?
False
Let p(y) = y**3 + 9*y - 39. Is p(16) prime?
True
Is (5/(-15))/((-3)/26415) composite?
True
Let j = 2897 + 896. Is j a composite number?
False
Let u(x) = 35*x**3 - 4*x**2 - 8*x + 15. Let m(c) = -17*c**3 + 2*c**2 + 4*c - 7. Let d(n) = -9*m(n) - 4*u(n). Is d(2) prime?
False
Let q be (6 - 0)/(-3) - 239. Let f = 390 + q. Let b = 208 - f. Is b prime?
True
Let f = -117 - -121. Suppose -4*v - 11088 = -5*x + 1955, 5*v = f*x - 10429. Is x composite?
True
Let j be (28 - 0)/(-5 - -7). Suppose -k = -0*k + 5. Let s = j - k. Is s a composite number?
False
Let p(v) = 3379*v + 50. Is p(5) prime?
False
Let o(h) = 32*h - 1. Let u(g) be the first derivative of g**2/2 + 20*g - 6. Let r be u(-15). Is o(r) a prime number?
False
Let v(h) = -15*h - 1. Let q be v(-3). Let s be q + (5 - 4) + -5. Suppose -3*a - s = -181. Is a composite?
False
Let i = 40 + -36. Is -16 + 211 - 1*i a prime number?
True
Let t(f) = -8*f**3 - 18*f**2 - 5*f - 24. Is t(-11) composite?
False
Suppose 0 = -b - 0*b - 177. Let m = b - -123. Is 9/m + (-1526)/(-12) composite?
False
Let g = 2988 - 5905. Is ((-70)/(-55))/(-7) + g/(-11) prime?
False
Suppose -22313 = -11*u + 3350. Is u prime?
True
Suppose 0 = -2*a + 3*c + 4852, -5094 = 5*a + 3*c - 17224. Is a a prime number?
False
Let r(h) = -821*h**3 + 4*h**2 - 3*h - 7. Is r(-3) composite?
True
Let s(m) = m**3 + 3*m**2 - 3*m + 4. Let o be s(-4). Let t be ((-22)/12)/(-11) - 8492/(-24). Suppose -2*a + t = -o*a. Is a prime?
False
Let c be (-2427)/18 + 9/(-54). Let u(i) = -2*i**3 + 3*i**2 + 4. Let r be u(4). Let v = r - c. Is v a prime number?
True
Let b(r) = -2*r**2 + 25*r - 5. Let k(n) = 6*n**2 - 76*n + 14. Let z(t) = 11*b(t) + 4*k(t). Is z(22) prime?
True
Let o be 18/(-36) + (-6567)/(-2). Let g = o - 2109. Is g a composite number?
True
Let i = 26 - 26. Suppose 9*t - 3*t - 54 = i. Suppose 0 = -10*q + t*q + 187. Is q a prime number?
False
Suppose 0 = 4*h - 9*h + 10. Suppose 5*x = -h*g + 895, -5*g + 910 = -2*x + 7*x. Is x a composite number?
True
Suppose 5704 = 32*t - 28*t. Let d = -753 + t. Is d composite?
False
Suppose -2*w + 8 = -w + 2*i, w - 5*i + 13 = 0. Suppose w*j = -0*j + 606. Suppose -5*o - j = -2*t, -t - 2*o + 119 = 2*o. Is t a